ainder when 130 is divided by m.
20
Suppose -w - 15 = -3*u - 0*u, -3*w = 0. Suppose -4*b - y = -97, -4*b - 4*y + 58 = -42. Calculate the remainder when b is divided by 4/10 + 43/u.
6
Suppose 0 = -5*q + 2032 - 142. Calculate the remainder when q is divided by 20.
18
Let q(b) = -64*b - 10. Let y be q(-7). Suppose 10*a = 4*a. Suppose -9 = -3*x, a = 4*k + k + x - y. Calculate the remainder when k is divided by 22.
21
Suppose 3*l - 684 = -9*l. What is the remainder when 281 is divided by l?
53
Suppose 7*n - 620 - 59 = 0. What is the remainder when n is divided by 11?
9
Let v(h) = -6*h**3 - h**2 - h - 5. Let z(b) = -6*b**3 - b**2 - b - 4. Let q(o) = 4*v(o) - 5*z(o). What is the remainder when q(2) is divided by 14?
12
Let r = 429 + -300. What is the remainder when r is divided by 44?
41
Suppose -80*k = -2*b - 76*k + 82, -b - 5*k + 13 = 0. Suppose -3 = -d - 0*d. Suppose 6*i = d*i + 27. Calculate the remainder when b is divided by i.
6
Let a(u) = 80*u + 25. What is the remainder when a(2) is divided by 20?
5
Suppose 12*t - 16*t = -148. Let u = 9 + -14. Calculate the remainder when t is divided by ((-2)/u)/((-3)/(-75)).
7
Let k = 115 + -77. Suppose -177*h + 171*h = -444. Calculate the remainder when h is divided by k.
36
Suppose -3*m = 114 - 183. Calculate the remainder when 4648/80 - 1/10 is divided by m.
12
Let l(o) = o**3 - 9*o**2 + 7*o + 26. What is the remainder when l(9) is divided by 18?
17
Let b = 1247 + -1229. Calculate the remainder when 197 is divided by b.
17
What is the remainder when 1186/20 + (-78)/260 is divided by 21?
17
Suppose 0 = 2*r + 3*n - 1, r + n = 5*r - 23. Suppose -4*f = -s - 102, -s = r*f + 2*s - 119. Let z = 20 + f. Calculate the remainder when z is divided by 16.
13
Let n(d) = 7*d + 6*d**2 - 1 + d**3 + 1 + 6. Calculate the remainder when 6*((-42)/(-10))/((-9)/(-10)) is divided by n(-4).
8
Suppose -9 = -i + l + 4, -4*l = 2*i - 2. What is the remainder when 26 is divided by i?
8
Suppose 3*f - 151 = 188. Suppose 5*c - 122 = f. Calculate the remainder when c is divided by 12.
11
Let n = 13 + -5. Suppose n = -r + 4*q, q + 1 = -3*r + 16. What is the remainder when 26 is divided by r?
2
Suppose 5*j - 2*z = 133, 2*z = -2*j - 3*z + 30. What is the remainder when 93 is divided by j?
18
Let k(d) = -d**3 - 10*d**2 + 9*d. Suppose -2*a + 4*p = -180, -a - 4*p + 0*p = -78. What is the remainder when a is divided by k(-11)?
20
Let c(w) be the second derivative of w**5/20 - 7*w**4/6 - w**3/6 + 13*w**2 - 6*w. Calculate the remainder when 22 is divided by c(14).
10
Let w = -113 + 188. Suppose -3*m + 4*z = -118, -w = -2*m + z - 2*z. Calculate the remainder when m is divided by 7.
3
Suppose -2*g + 68 = 4*m, -4*g + 164 = -2*m + 3*m. Suppose -x = -2*n - 51 - 31, 239 = 3*x + n. What is the remainder when x is divided by g?
38
Let t = -190 + 131. Let b = 74 + t. Calculate the remainder when b is divided by 3.
0
Let y be 502/(-22) - 10/55. Let f = 29 + y. Suppose -65 = -f*z + z. Calculate the remainder when 76 is divided by z.
11
Calculate the remainder when 194 is divided by ((-132)/20 + 7)*165.
62
Let f = 91 + -29. Suppose 28 = 4*v + 4. Calculate the remainder when f is divided by 18 + (v/(-2) - -1).
14
Calculate the remainder when ((-7105)/(-21) + -2)*3 is divided by 44.
41
Let q(y) = -3*y**2 - 3*y - 1. Let j be q(-6). Let k = 152 + j. What is the remainder when k is divided by 22?
17
Let m be (2 - -20)/(12/126). Suppose -3*f - m = 3*j, 4*f + 2*j + 311 = -j. Let t = -42 - f. Calculate the remainder when t is divided by 10.
8
Suppose 19 = -5*p + 69. Suppose n - 263 + 257 = 0. Calculate the remainder when p is divided by n.
4
Suppose 0 = -19*x + 18*x + 2. Calculate the remainder when 38 + (9 - 4) + (-8)/x is divided by 15.
9
Let v be 3/(-2)*20/(-6). Suppose 5*f + 95 = v*l, -4*f - f - 83 = -l. What is the remainder when (-156)/f*48/9 is divided by 11?
8
Suppose -1063*m = -1070*m + 287. Let j = -48 + 207. What is the remainder when j is divided by m?
36
Let g = 15 - 3. Suppose 2 = -b + g. Calculate the remainder when 17 is divided by b.
7
Calculate the remainder when 111 is divided by ((-3)/(-6))/((-14)/(-224)).
7
Let t = -271 - -327. Calculate the remainder when t is divided by 21.
14
Suppose 5*g = 25, 0*g + 44 = -u + 4*g. Let r = 50 + u. Calculate the remainder when r is divided by (4/3)/(2/21).
12
What is the remainder when 7/(-14) + (-654)/(-12) is divided by 40?
14
Let x(p) = -p**3 + 9*p**2 - 11*p + 35. Calculate the remainder when 128 is divided by x(8).
7
Suppose 2*l + 4*a - 48 = -l, -45 = -3*l - 3*a. Suppose -6*g = 6*g - 852. What is the remainder when g is divided by l?
11
Let v = 36 - 31. Suppose l + v = 2*l. What is the remainder when 23 is divided by l?
3
Suppose 658 = 15*z + 79*z. What is the remainder when 26 is divided by z?
5
Let h be (195/(-26))/(2/(-4)). Suppose -129 - 186 = -h*l. Calculate the remainder when 58 is divided by l.
16
Suppose 2*o = 4*x + 54, 2*o = -2*o + 2*x + 114. Let t = o + -11. What is the remainder when 47 is divided by t?
11
Let c = 22 + -22. Suppose 3*i = 4*l, -2*l = -5*i - 0*i. Suppose o = c, l = -2*p + p + 2*o + 17. What is the remainder when 84 is divided by p?
16
Suppose 0 = 3*q - 15 - 0, 0 = -4*p + 4*q - 44. What is the remainder when 5/((-15)/p) + 44 is divided by 4/((-14)/(-8) + 48/(-32))?
14
Let q be 3 + 5/3*15. Let i = q + -24. Suppose 0 = 2*g + 3*p - 181, 84 + 276 = 4*g + i*p. Calculate the remainder when g is divided by 18.
17
Suppose -x + 336 = 2*u, -u - 5*x + 22 + 155 = 0. What is the remainder when u is divided by 21?
20
Let q = 53 - 50. Suppose 0*x + 5*x = 3*k + 156, -q*k = 5*x - 144. What is the remainder when x is divided by 16?
14
Let m(v) = -v**2 - v + 73. What is the remainder when m(0) is divided by (27 + -37)*3*(-1)/2?
13
Suppose -3*c + 3*p = -0*p, 0 = 4*c + 2*p + 6. Let t be (1*4)/(-1*(-9)/18). Calculate the remainder when (20/t)/(c/(-14)) is divided by 9.
8
Suppose 2*f - 29 = -2*d + 39, 3*d - 12 = 0. Suppose 2*r = -4*l + f - 82, 0 = r - 4. Let v = l - -34. Calculate the remainder when v is divided by 7.
5
Let u(x) = x**3 + 7*x**2 - 15. Let i be u(-5). Let c be (-3)/(2/((-128)/(-6))). Let a = i + c. What is the remainder when 11 is divided by a?
2
What is the remainder when 162 is divided by 370/111*3/(-2) + 46?
39
Suppose -2*n + 1602 - 1582 = 0. Calculate the remainder when 195 is divided by n.
5
Let l(x) be the first derivative of x**3/3 - 13*x**2/2 + 14*x - 27. What is the remainder when 6 is divided by l(12)?
0
Let w = 386 + -159. What is the remainder when w is divided by 38?
37
Let u(l) = l**2 + 36*l + 8. Calculate the remainder when 14 is divided by u(-36).
6
Let l = -38 - -43. Suppose k - 4*y - 56 = y, k = -l*y + 46. What is the remainder when k is divided by 0 + 11 - 1 - 1?
6
Let g = 55 + 75. Suppose -7*k + g + 115 = 0. What is the remainder when 69 is divided by k?
34
Let h(m) = 3*m**3 - 2*m**2 - 3*m + 3. Let v be h(2). Let x = -8 + v. Calculate the remainder when 7 is divided by x.
2
Suppose -2*h + 4 = 0, -b - 4*h - 46 = -h. Suppose 2*t = 2*g + 140, 0*t = 3*t + 5*g - 242. Let f = t + b. Calculate the remainder when 41 is divided by f.
19
Suppose 4*l - 200 = -2*t, -l + 44 = t + t. Let q = 42 - 39. Suppose 5*n + q*s = 147, -3*n + 3*s + 77 = 2*s. What is the remainder when l is divided by n?
25
Suppose -u = -3*u - 10, 2*m + u - 57 = 0. Let b = -58 - -69. Calculate the remainder when m is divided by b.
9
Let i(k) = k**2 - 14*k + 26. Let h be i(24). Suppose b - h = -2*u, -b - 2*b - 542 = -4*u. What is the remainder when u is divided by 15?
14
Suppose -2*q + 14 + 16 = 0. Calculate the remainder when 57 is divided by q.
12
Let h = 25 - 27. Let v = 11 + h. Calculate the remainder when ((-4)/(-1) - -2)*7 is divided by v.
6
Let d = 41 - 28. Let q = 206 - 129. Calculate the remainder when q is divided by d.
12
Let v(q) = -q**2 + 12*q - 6. Suppose -4*d + 205 = 3*o, 4*d - d + 2*o = 155. Calculate the remainder when d is divided by v(10).
13
Suppose 0 = 3*q + 4*d - 184, q - 68 = 3*d - 6*d. Let t = 60 - q. Calculate the remainder when 17 is divided by t.
1
Suppose 193 + 668 = 7*d. Suppose -d = -8*m - 27. Suppose m = k - 5. Calculate the remainder when k is divided by 6.
5
Let j(u) = 8*u**2 + 2*u. Let s be j(2). Suppose 0 = -3*b - q - 3*q + 34, 0 = -2*b + 4*q + s. Calculate the remainder wh